st common factor of 85540 and 4483570?
910
Calculate the greatest common divisor of 7227605 and 2695.
385
What is the highest common divisor of 1100 and 1772275?
25
What is the greatest common divisor of 862686 and 5913?
9
Calculate the greatest common divisor of 171604 and 64.
4
Calculate the greatest common divisor of 2804194 and 146694.
2126
What is the greatest common divisor of 51359 and 1835262?
253
Calculate the highest common factor of 2780792 and 3859.
17
Calculate the highest common factor of 1455774 and 66.
6
Calculate the greatest common divisor of 35588 and 3193.
31
Calculate the highest common factor of 21203720 and 65.
5
Calculate the highest common factor of 688028 and 880.
44
Calculate the highest common divisor of 198 and 16809837.
33
What is the greatest common divisor of 908361225 and 62?
31
Calculate the greatest common divisor of 248 and 56929578.
62
Calculate the highest common factor of 57 and 853423.
19
Calculate the highest common factor of 149158553 and 415.
83
What is the highest common factor of 54940 and 13966240?
820
What is the greatest common factor of 411176 and 1220?
4
What is the highest common factor of 11456709 and 462?
33
Calculate the greatest common divisor of 160242 and 58242.
102
What is the highest common factor of 24 and 158472984?
24
What is the highest common divisor of 9216 and 18591840?
288
Calculate the highest common factor of 1813 and 1326283.
49
What is the greatest common factor of 1517 and 2277263?
41
What is the greatest common factor of 10966343 and 2108?
527
What is the greatest common factor of 2840 and 1514180?
20
What is the greatest common divisor of 42583 and 1834581?
439
What is the greatest common factor of 1320 and 8088784?
88
What is the highest common factor of 77854 and 12773866?
1162
Calculate the greatest common factor of 141 and 85153.
1
What is the greatest common divisor of 780 and 179838048?
156
What is the highest common factor of 507683128 and 72?
8
What is the greatest common factor of 1120 and 4681520?
80
What is the highest common factor of 2114772 and 6495?
1299
What is the greatest common divisor of 34606 and 116444471?
1573
Calculate the greatest common factor of 1444 and 670158234.
722
Calculate the highest common divisor of 7423585 and 3895.
95
Calculate the greatest common factor of 2458 and 518.
2
What is the highest common divisor of 6525 and 3067475?
725
Calculate the greatest common divisor of 58 and 1145660689.
29
What is the highest common factor of 20384 and 752?
16
What is the greatest common divisor of 235272 and 2424?
24
What is the highest common divisor of 449319919 and 166?
83
What is the highest common divisor of 1387445 and 152805?
305
What is the greatest common divisor of 1721110 and 14170?
1090
Calculate the greatest common divisor of 138 and 5435498.
46
What is the highest common factor of 2992 and 26765376?
176
Calculate the highest common factor of 155562 and 534.
6
Calculate the greatest common divisor of 656200872 and 762.
762
What is the greatest common divisor of 44801 and 2389363?
71
What is the highest common factor of 1467882 and 273?
39
Calculate the highest common divisor of 1718192 and 4942.
14
What is the greatest common factor of 1208 and 994486?
302
What is the greatest common factor of 147071281 and 959?
959
What is the highest common divisor of 91060 and 365?
5
What is the highest common divisor of 10823202 and 1872?
234
What is the highest common divisor of 2098545 and 930?
465
What is the greatest common divisor of 40293320 and 2780?
2780
What is the greatest common factor of 336 and 27092856?
168
Calculate the greatest common factor of 33275780 and 500.
20
Calculate the greatest common divisor of 471263 and 4368.
13
What is the highest common divisor of 46599364 and 2135?
427
Calculate the greatest common factor of 4332 and 9679132.
1444
What is the highest common divisor of 26865 and 1397092833?
5373
What is the greatest common factor of 12253788 and 216?
108
Calculate the highest common divisor of 60496769 and 983.
983
What is the highest common divisor of 234872 and 9656?
136
Calculate the greatest common factor of 2528075 and 6699.
319
Calculate the greatest common factor of 329358600 and 1800.
1800
Calculate the greatest common divisor of 487088 and 400.
16
Calculate the highest common factor of 10 and 55992936.
2
What is the greatest common factor of 1705 and 1442771?
341
Calculate the highest common factor of 31372 and 2728.
1364
Calculate the highest common factor of 9909 and 55368189.
3303
What is the highest common factor of 2945 and 44725240?
95
Calculate the highest common divisor of 2780057 and 7.
7
Calculate the highest common divisor of 3080 and 123720.
40
Calculate the highest common factor of 430 and 7940630.
10
Calculate the highest common divisor of 37 and 1259591.
37
Calculate the greatest common divisor of 95636971 and 74.
37
What is the greatest common factor of 12774 and 205554?
6
Calculate the highest common factor of 129 and 639429909.
129
What is the greatest common factor of 7322239 and 510188?
2603
Calculate the greatest common factor of 17280396 and 168.
84
What is the greatest common divisor of 54982354 and 1162?
1162
What is the greatest common divisor of 2352 and 581670768?
2352
What is the greatest common divisor of 6643135 and 22597?
383
What is the highest common divisor of 44008804 and 1036?
28
Calculate the greatest common divisor of 194244246 and 17848.
4462
What is the highest common factor of 437 and 674429?
23
Calculate the highest common factor of 27788 and 208.
4
Calculate the greatest common divisor of 497 and 412755.
7
What is the greatest common divisor of 6 and 517236504?
6
Calculate the greatest common factor of 850743 and 1316376.
3501
Calculate the greatest common factor of 384702028 and 548.
548
Calculate the greatest common divisor of 34056 and 1292742.
198
What is the greatest common factor of 106589115 and 255?
15
Calculate the greatest common factor of 20 and 153392550.
10
Calculate the greatest common divisor of 5 and 56771835.
5
What is the highest common divisor of 813494728 and 13616?
6808
What is the highest common factor of 8833 and 40175696?
803
What is the greatest common divisor of 146 and 1448247876?
146
Calculate the greatest common factor of 30914 and 1566357.
13
Calculate the greatest common factor of 1552867564 and 212.
212
Calculate the greatest common divisor of 333 and 54333.
9
What is the highest common factor of 67500 and 157140?
540
Calculate the highest common factor of 325 and 536860025.
325
What is the greatest common divisor of 2121888 and 8649?
2883
Calculate the highest common factor of 23985 and 1360011.
123
What is the greatest common factor of 11786144 and 104?
8
What is the highest common divisor of 465537 and 15747?
87
Calculate the highest common divisor of 259170 and 3180.
1590
What is the greatest common factor of 16088994 and 72?
18
What is the highest common factor of 1134700690 and 580?
290
What is the highest common divisor of 389528 and 106996?
92
What is the greatest common divisor of 9039 and 250401?
69
Calculate the greatest common divisor of 596889 and 432.
27
What is the greatest common divisor of 12796823 and 9633?
247
Calculate the highest common factor of 10560 and 60302.
22
What is the greatest common divisor of 410 and 595581908?
82
Calculate the highest common divisor of 11152 and 188108.
164
Calculate the greatest common divisor of 102592 and 692954.
458
Calculate the highest common divisor of 923765 and 2355.
5
What is the greatest common factor of 106 and 8595386?
2
Calculate the highest common factor of 55008 and 13363888.
3056
Calculate the highest common divisor of 492666 and 191418.
3138
What is the greatest common factor of 24 and 277039452?
12
Calculate the highest common divisor of 163466 and 17995172.
3478
Calculate the greatest common factor of 15241487 and 3473.
151
What is the highest common divisor of 264 and 755821?
11
Calculate the greatest common factor of 309641527 and 711.
79
Calculate the greatest common factor of 3321836 and 4774.
434
What is the highest common divisor of 336 and 3446016672?
336
Calculate the greatest common factor of 30 and 6261036.
6
Calculate the greatest common divisor o